s - 13. Let k(h) = 19*h**2 - h + 11. Let d(t) = -4*k(t) - 3*q(t). What is d(-7)?
-40
Let f(o) = o + 599. Let l(z) = 57. Let x(u) = -2*f(u) + 21*l(u). Suppose t = -3*t - 12. What is x(t)?
5
Suppose 29 = 2*h + 5*q, 3*h + 5*q = -h + 43. Suppose 2*f - 10 = h*f. Let y be (3/f)/((-6)/(-8)). Let m(l) = l**3 + 3*l**2 - 4*l - 3. Determine m(y).
9
Let f(b) = 17*b - 9*b + 8 - 7*b. Let d be f(0). Let r(t) = -t + 2. Give r(d).
-6
Let t(o) = 2 - 2*o - 5 - o**2 + o. Suppose 329*g = 331*g. What is t(g)?
-3
Let c(r) = -2*r**2 + 2*r + 2. Let v be c(2). Let a be 4/4*(-2 - v). Let i(q) = a*q + 0*q + q**2 + q - 3 + 3*q. Determine i(-4).
-3
Let t(p) = -5*p**2 - 2*p. Suppose -11 = -3*u + 4*r + 3, 0 = -u + 4*r + 18. Calculate t(u).
-16
Let x(c) = c**2 + c - 1. Suppose d + 20 = 17. Let j(q) = 4*q**2 + 6*q - 7. Let u(r) = d*x(r) + j(r). Calculate u(-3).
-4
Let d(r) be the first derivative of r**2/2 - 7*r + 263. Calculate d(-6).
-13
Let g(y) = y**3 - 7*y**2 - 4. Suppose -3*f - 9 = -30. Determine g(f).
-4
Let z(j) be the first derivative of j**3/3 + 10*j**2 - 6*j + 10. Calculate z(-20).
-6
Let o(j) be the second derivative of j**3/6 + 2*j**2 + 30*j. What is o(-6)?
-2
Let f(q) = -q**2 + 473*q**3 - 2 - 474*q**3 + 9*q**2. Determine f(8).
-2
Let z = 66 - 39. Let h = z - 26. Let i(a) = -2*a**2 - 2*a + 1. Give i(h).
-3
Let u(x) = -2*x + 26. Let n(m) = m - 2. Let v(p) = 4*n(p) + u(p). Give v(-16).
-14
Let h(s) = 3*s + 8. Let j(n) = n**2 + 140*n - 730. Let v be j(5). What is h(v)?
-7
Let a(h) be the third derivative of h**4/24 - 5*h**3/6 + 45*h**2 - 9*h. Calculate a(5).
0
Let s(h) = h + 12. Suppose 3*i = -91 + 10. Suppose -a = 3 + 19. Let d = i - a. What is s(d)?
7
Let k = -8 + 12. Let h(u) be the first derivative of u**6/360 - u**5/24 - 5*u**3/3 - 4. Let b(z) be the third derivative of h(z). Determine b(k).
-4
Let w(i) = -i**3 + 5*i**2 + 7*i - 1. Let p(d) = 8*d - 3 - 2*d - 3. Let q be p(2). Give w(q).
5
Let p(i) be the second derivative of -5/12*i**4 + 10 - 3*i**2 + 3*i - 5/6*i**3 - 1/20*i**5. Calculate p(-4).
-2
Let r(g) = -g**3 + 5*g + 6. Let b be 32/(-48)*(-3)/(-1). What is r(b)?
4
Let a(l) = -17 + 15 + 4 - 2*l + 2*l**2 + 2*l**2. Calculate a(2).
14
Let j(r) = r + 2. Suppose 4*o - 38 - 10 = 0. Suppose 27*a + o = 31*a. Give j(a).
5
Let s = -1 - -4. Let u(m) = -s*m - 6 + 5*m - m. Let c be u(6). Let g(r) = r + 2. Calculate g(c).
2
Let j(q) be the first derivative of -q**3/3 + 7*q**2/2 - q - 1. Let t = 7885 + -7880. Calculate j(t).
9
Let l(o) = o**2 + 8*o + 12. Let m be l(-6). Suppose 2*y + 5*q + 12 + 1 = 0, m = q + 5. Suppose -i - y = -4. Let v(u) = 2*u**2 + 4*u + 3. Give v(i).
3
Let i(j) = j + 5. Let b be i(-6). Suppose 4*w - 15 = -w. Let m(t) = -t**2 + 5*t**w - 1 - 34*t - 37*t + 69*t. Determine m(b).
-5
Let q(y) be the first derivative of -y**4/4 + 5*y**3/3 - y**2/2 + y - 40. What is q(4)?
13
Let o(c) = -2*c**3 - 19*c**2 - 8*c + 13. Let n be (-8)/(-4)*15/(-6). Let w(q) = q**3 + 10*q**2 + 4*q - 7. Let s(v) = n*w(v) - 3*o(v). Determine s(-5).
26
Let g(o) = 3*o - 4 + 20*o**2 - o**3 - 11*o**2 - 14*o**2. Determine g(-6).
14
Suppose 0*l - 4*l = k - 29, 4 = -l - 4*k. Suppose 0 = -l*z - 37 + 5. Let i(b) = -1. Let f(r) = -r**2 - 6*r - 4. Let x(h) = f(h) + 2*i(h). Give x(z).
2
Let n = 53 + -48. Let b(g) = g**2 - 3*g. Let d(t) = 2*t**2 - 5*t + 1. Let w(j) = 9*b(j) - 4*d(j). Give w(n).
-14
Suppose 8*q - 28 = -6*q. Let f(x) be the second derivative of -x**q - 1/12*x**4 + 0 + x**3 + 5*x. Calculate f(5).
3
Let y(v) = -v**2 + 63*v - 17 - 2*v**2 - v**2 - 37*v + v**2. Calculate y(8).
-1
Let v(z) = 13*z**2 + 9*z - 11. Let q(h) = -2*h**2 - h. Let u(f) = 6*q(f) + v(f). Calculate u(-5).
-1
Suppose -10*i + 12*i - 14 = 0. Let m(g) = -g**2 + 8*g - 5. Let j be m(i). Let k(y) = 2*y - y**3 - 4 - 5 + 5*y**j + y**2. What is k(6)?
3
Let b(z) = -2*z - 17. Let w be b(5). Let j = w + 35. Let i(f) = -f**3 + 7*f**2 + 6*f + 8. Calculate i(j).
-8
Let m(b) = -8*b + 1. Let l(k) = 31*k - 6. Let q(t) = l(t) + 4*m(t). Determine q(-3).
1
Let v(p) = -p**3 - 4*p**2 + 6*p - 3. Let z be v(-5). Let g = -13 - z. Let y(q) be the third derivative of q**4/24 - q**3/3 - 2*q**2. What is y(g)?
-7
Let a(h) = -h**2 + 8*h - 2. Suppose 0 = 4*y - 4*s - 14 - 6, 0 = 5*y + s - 7. Suppose q + 21 = 2*t + 8, 5*q - 19 = -y*t. Determine a(t).
5
Suppose 40 + 12 = 4*c. Suppose w = -4 + c. Let k(m) = -7*m - w + 1 + 13*m - 7*m. Calculate k(-4).
-4
Let w(n) = -3*n**2 + 3*n - 1. Let j = -81 - -85. Suppose -x - 5 = j*x, -x - 11 = -5*i. Calculate w(i).
-7
Let r(u) = 4*u**2. Suppose -2 + 10 = 8*l. Let j be r(l). Let b(h) = -h**3 + 5*h**2 + h. Determine b(j).
20
Let k(u) = -2*u**2 - 14*u - 14. Let l be (-9)/(-6)*(-1 - (-57)/(-9)). Let i(s) = -s**2 - 7*s - 7. Let t(y) = l*i(y) + 6*k(y). Calculate t(-6).
-1
Let m(n) be the second derivative of 1/20*n**5 + 40*n + 0 - 1/2*n**3 + 1/12*n**4 + 3/2*n**2. Determine m(-3).
-6
Let r(k) be the first derivative of 20 - 6*k + 1/3*k**3 - 7/2*k**2. Calculate r(9).
12
Let g(j) = 4*j - 1 + 13*j**2 - 2*j**2 - 4*j**2 - 8*j**2 + 4. Determine g(8).
-29
Let y(k) = k**3 - 10*k**2 + 9*k. Suppose -w = -5*u + 47, 2*w = -5*u - 15 + 56. What is y(u)?
0
Let h(u) = 3*u - 7. Let m(v) = 4 - 5 + 0. Let r(x) = -h(x) + 5*m(x). Let p = -4 + 7. Give r(p).
-7
Let g(h) be the third derivative of -h**5/30 - 3*h**4/4 - 5*h**3/3 - 27*h**2 + h. Determine g(-7).
18
Let j(s) = -27*s**3 - s**2 + s. Let i = -1838 + 1839. What is j(i)?
-27
Suppose 3 = 2*j + 11. Let n(u) = -5*u**3 - 11*u**2 + 8*u + 11. Let r(h) = 2*h**3 + 4*h**2 - 3*h - 4. Let v(m) = j*n(m) - 11*r(m). What is v(1)?
-1
Let x(y) = 4*y - 7. Let q be x(0). Let m(u) = -13*u - 12. Let s(a) = 6*a + 6. Let w(t) = q*s(t) - 3*m(t). Determine w(-5).
9
Let i be (-2)/((-1)/(-4)*-2). Let u be -2 - (4 + (2 - i)). Let d = 7 + u. Let l(g) = g**2 - 3. What is l(d)?
6
Let o(c) = -3*c + 4. Let y(r) = 50*r - 25. Let q(m) = 15*o(m) + y(m). Determine q(-9).
-10
Let x(m) = -m**2 + 0*m**2 + m + 3 - 2 - 2*m. Let h be x(0). Let d(w) = 7*w**3 - 2*w + 2. Let r be d(h). Let b(i) = -i**3 + 7*i**2 - 2. What is b(r)?
-2
Let m(q) be the third derivative of -1/60*q**5 + 2/3*q**3 + 0*q - 1/6*q**4 + 0 - 4*q**2. Calculate m(-3).
7
Let v = 49 - 53. Let j(f) = -f**3 - 3*f**2 + 4*f - 2. Give j(v).
-2
Let t(z) be the third derivative of -z**4/12 - 483*z**2. Determine t(-1).
2
Let h(k) be the first derivative of -k**2/2 - 9*k - 3. Let d(g) = -g**2 - 6*g - 10. Let a be d(-5). Let r be (a/((-10)/(-16)))/2. Determine h(r).
-5
Suppose -82*p = -97*p. Let i(u) = 2*u**3 - 2*u**2 - 2*u + 6. Give i(p).
6
Let m(o) = 5*o**3 - o**2 + 2*o - 1. Let w be m(1). Let d(v) be the second derivative of -v**4/12 + 5*v**3/6 - 3*v**2/2 + v + 46. Determine d(w).
-3
Let k(x) = -x. Let n(h) = h**3 - 6*h**2 + 4*h - 1. Suppose 17 = 4*i - 3. Let b be n(i). Determine k(b).
6
Let m(y) = 11*y. Let f(q) = -47*q + 1. Let r(z) = 6*f(z) + 26*m(z). Determine r(8).
38
Let v(o) be the second derivative of -o**3/6 + 3*o**2/2 + 20*o. Let f(l) = 2*l - 1. Let r be f(2). Let p = 3 + r. What is v(p)?
-3
Let r be (-11)/44*(-4)/1*2. Let t(x) be the second derivative of -4*x - 1/3*x**3 + 1/2*x**r + 0 - 11/12*x**4. Calculate t(1).
-12
Let a(p) be the first derivative of p**4/4 + 5*p**3/3 + p**2/2 - 3*p - 162. Give a(-5).
-8
Let z be (-6)/10 - (-21)/(-15). Let y(p) = -5*p**3 - 5*p**2 + 4*p - 7. Let m(l) = -6*l**3 - 6*l**2 + 5*l - 8. Let v(x) = 6*m(x) - 7*y(x). What is v(z)?
1
Let k(q) = -q**3 - 5*q**2 + 6*q - 4. Let b = 2 + 33. Suppose 13 = -8*l - b. Calculate k(l).
-4
Let v = -2 + 8. Let x(a) = v + 3 - a - 3. Let c(b) = -b**2 + 11*b - 5. Let q be c(10). Determine x(q).
1
Let t(c) = -13*c + 55*c + 60*c - 41*c. Determine t(1).
61
Let c(k) = -9 + 8*k - 2*k - 5*k + 16. What is c(0)?
7
Let f(r) = -r**2 + 4*r + 10. Suppose -3*q = 2*x + 1, 4*x - 6*x = 5*q + 11. Give f(x).
-11
Let c(v) be the first derivative of -v**2/2 + 7*v - 1. Suppose -25*r + 48 = -17*r. What is c(r)?
1
Let j(v) = 3*v**3 - 9*v + 6. Let m(c) = 2*c**3 - 7*c + 6. Let u(t) = 3*j(t) - 4*m(t). Suppose 2*p - 5*p = 0. Give u(p).
-6
Suppose 3*b + 16*j - 21*j + 18 = 0, 2*b - 3*j + 11 = 0. Let n(l) = 12*l**2 + 5*l - 4. Let q(c) = 11*c**2 + 4*c - 3. Let u(y) = -3*n(y) + 4*q(y). Calculate u(b).
7
Let g(r) be the first derivative of -7/2*r**2 - 1/4*r**4 + 1 + 9*r - 8/3*r**3. Calculate g(-7).
9
Let x(y) = y**3 + 3*y**2 - 2*y